2
What is the hundreds digit of 1028054612?
6
What is the hundred thousands digit of 11584884?
5
What is the units digit of 25201809?
9
What is the units digit of 411634855?
5
What is the ten thousands digit of 54420894?
2
What is the hundred millions digit of 368771876?
3
What is the ten thousands digit of 473589192?
8
What is the hundred thousands digit of 2874614379?
6
What is the ten thousands digit of 5093688169?
8
What is the millions digit of 82589485?
2
What is the thousands digit of 11839876?
9
What is the hundreds digit of 557024803?
8
What is the millions digit of 82920150?
2
What is the ten thousands digit of 93202073?
0
What is the hundreds digit of 88683494?
4
What is the ten millions digit of 31830287?
3
What is the thousands digit of 52979144?
9
What is the hundreds digit of 4280168943?
9
What is the units digit of 640069570?
0
What is the hundreds digit of 147882554?
5
What is the hundreds digit of 58653949?
9
What is the tens digit of 58440825?
2
What is the ten thousands digit of 43163119?
6
What is the hundreds digit of 145936897?
8
What is the tens digit of 630710726?
2
What is the thousands digit of 787876218?
6
What is the hundreds digit of 426904955?
9
What is the thousands digit of 202991394?
1
What is the units digit of 269234691?
1
What is the units digit of 62179707?
7
What is the hundred thousands digit of 4872741804?
7
What is the ten thousands digit of 327853182?
5
What is the thousands digit of 1202378744?
8
What is the hundred millions digit of 106694054?
1
What is the thousands digit of 537947289?
7
What is the ten thousands digit of 446441025?
4
What is the ten thousands digit of 54677108?
7
What is the tens digit of 33635732?
3
What is the millions digit of 380205495?
0
What is the millions digit of 2875210870?
5
What is the hundred thousands digit of 2003280888?
2
What is the ten millions digit of 71369853?
7
What is the hundred millions digit of 681860865?
6
What is the hundreds digit of 122871670?
6
What is the hundreds digit of 66423126?
1
What is the ten millions digit of 23191725?
2
What is the ten millions digit of 24951048?
2
What is the hundred thousands digit of 167015305?
0
What is the hundred millions digit of 235475961?
2
What is the hundreds digit of 2372100049?
0
What is the hundred thousands digit of 333601080?
6
What is the thousands digit of 852222071?
2
What is the billions digit of 1220882958?
1
What is the ten thousands digit of 459060359?
6
What is the hundreds digit of 58973548?
5
What is the ten thousands digit of 361976113?
7
What is the hundred thousands digit of 545554553?
5
What is the tens digit of 485708984?
8
What is the hundreds digit of 100754370?
3
What is the hundred thousands digit of 360253359?
2
What is the millions digit of 922069047?
2
What is the hundreds digit of 55793626?
6
What is the ten thousands digit of 470742164?
4
What is the ten millions digit of 121033336?
2
What is the tens digit of 1645815172?
7
What is the ten thousands digit of 137732041?
3
What is the units digit of 66481644?
4
What is the thousands digit of 648261600?
1
What is the ten millions digit of 142754314?
4
What is the units digit of 43865194?
4
What is the millions digit of 1191517315?
1
What is the hundreds digit of 2593108464?
4
What is the thousands digit of 579113256?
3
What is the tens digit of 44462347?
4
What is the ten millions digit of 30829838?
3
What is the hundreds digit of 517636727?
7
What is the hundreds digit of 147219292?
2
What is the millions digit of 54580975?
4
What is the ten thousands digit of 482871?
8
What is the thousands digit of 4522710730?
0
What is the ten thousands digit of 114685852?
8
What is the hundreds digit of 1132647151?
1
What is the units digit of 2477312462?
2
What is the hundred millions digit of 683732857?
6
What is the units digit of 648798372?
2
What is the ten thousands digit of 1929907367?
0
What is the millions digit of 16876345?
6
What is the hundred millions digit of 175060604?
1
What is the thousands digit of 240651629?
1
What is the millions digit of 280386723?
0
What is the hundreds digit of 18347306?
3
What is the ten thousands digit of 2243402998?
0
What is the tens digit of 1542449200?
0
What is the ten thousands digit of 23608731?
0
What is the ten thousands digit of 396361434?
6
What is the tens digit of 555251115?
1
What is the ten millions digit of 20818626?
2
What is the millions digit of 181525292?
1
What is the millions digit of 432573465?
2
What is the tens digit of 1196984183?
8
What is the thousands digit of 21955077?
5
What is the ten millions digit of 4558085900?
5
What is the ten millions digit of 30203060?
3
What is the hundred millions digit of 2276992679?
2
What is the hundreds digit of 150174258?
2
What is the thousands digit of 1049001033?
1
What is the thousands digit of 56353280?
3
What is the hundreds digit of 2181375913?
9
What is the hundreds digit of 1578340741?
7
What is the ten thousands digit of 426026399?
2
What is the thousands digit of 1879618340?
8
What is the ten thousands digit of 37833031?
3
What is the units digit of 3201912268?
8
What is the tens digit of 43539522?
2
What is the ten thousands digit of 492552110?
5
What is the hundreds digit of 62141022?
0
What is the hundreds digit of 35057358?
3
What is the units digit of 2654114203?
3
What is the ten millions digit of 98658901?
9
What is the thousands digit of 66087783?
7
What is the hundreds digit of 693561694?
6
What is the tens digit of 128995380?
8
What is the thousands digit of 184056730?
6
What is the ten thousands digit of 66428685?
2
What is the billions digit of 2790610677?
2
What is the hundred thousands digit of 947378112?
3
What is the millions digit of 3964699162?
4
What is the hundreds digit of 642635143?
1
What is the billions digit of 2990386828?
2
What is the units digit of 2223017321?
1
What is the thousands digit of 5107985953?
5
What is the ten millions digit of 289064887?
8
What is the millions digit of 26584666?
6
What is the hundred thousands digit of 218506557?
5
What is the tens digit of 79259060?
6
What is the ten millions digit of 13880411?
1
What is the billions digit of 1014832869?
1
What is the hundred thousands digit of 166346932?
3
What is the millions digit of 898205542?
8
What is the millions digit of 138887306?
8
What is the units digit of 64879591?
1
What is the ten millions digit of 552242421?
5
What is the hundred millions digit of 2748051621?
7
What is the units digit of 291555306?
6
What is the ten millions digit of 480414386?
8
What is the units digit of 380404871?
1
What is the millions digit of 6517538070?
7
What is the ten thousands digit of 188774712?
7
What is the thousands digit of 161805524?
5
What is the hundreds digit of 191774027?
0
What is the billions digit of 4576158971?
4
What is the millions digit of 238607343?
8
What is the hundred thousands digit of 183066834?
0
What is the ten thousands digit of 35564239?
6
What is the hundred thousands digit of 2270618439?
6
What is the hundred thousands digit of 594738814?
7
What is the ten millions digit of 1081528689?
8
What is the ten millions digit of 819933986?
1
What is the thousands digit of 323912938?
2
What is the ten millions digit of 530247255?
3
What is the hundred thousands digit of 47066190?
0
What is the millions digit of 8301044079?
1
What is the ten millions digit of 260809271?
6
What is the hundred thousands digit of 1857723132?
7
What is the thousands digit of 1796458437?
8
What is the hundreds digit of 175938747?
7
What is the ten millions digit of 102676484?
0
What is the tens digit of 88234043?
4
What is the hundred thousands digit of 384277680?
2
What is the tens digit of 593793804?
0
What is the hundred millions digit of 482542164?
4
What is the hundreds digit of 41467433?
4
What is the hundreds digit of 1768163892?
8
What is the thousands digit of 107503670?
3
What is the units digit of 23489790?
0
What is the tens digit of 143364727?
2
What is the hundreds digit of 965519632?
6
What is the thousands digit of 7407777?
7
What is the hundreds digit of 4154323743?
7
What is the ten millions digit of 17748289?
1
What is the thousands digit of 17537868?
7
What is the hundreds digit of 3367073774?
7
What is the millions digit of 213